a multiple of 342?
True
Does 4 divide 698916?
True
Is 1031 a factor of 4911684?
True
Does 124 divide 7564839?
False
Is 365 a factor of 10766058?
False
Is 42 a factor of 54439?
False
Is 16 a factor of 527899?
False
Does 79 divide 9841186?
False
Does 1055 divide 216337?
False
Does 126 divide 177815?
False
Is 1817096 a multiple of 878?
False
Is 221354 a multiple of 14?
True
Does 268 divide 1162584?
True
Is 14 a factor of 51585?
False
Is 642088 a multiple of 13?
False
Is 4954976 a multiple of 38?
False
Does 42 divide 1526371?
False
Is 189124 a multiple of 14?
False
Does 387 divide 29412?
True
Does 112 divide 1812048?
True
Is 7417474 a multiple of 34?
True
Is 18 a factor of 1277053?
False
Does 167 divide 1707241?
True
Does 83 divide 1201265?
False
Does 1058 divide 304211?
False
Does 458 divide 4280010?
True
Is 184012 a multiple of 27?
False
Is 85 a factor of 9842033?
False
Is 150 a factor of 10195541?
False
Does 50 divide 4440200?
True
Is 46 a factor of 219696?
True
Does 15 divide 155442?
False
Is 104100 a multiple of 15?
True
Is 593 a factor of 28654333?
False
Does 27 divide 858573?
True
Is 23 a factor of 111297?
True
Is 158 a factor of 246331?
False
Does 5 divide 4655405?
True
Is 14 a factor of 1336278?
False
Is 3022016 a multiple of 92?
True
Is 100512 a multiple of 32?
True
Does 201 divide 142260?
False
Is 69814 a multiple of 134?
True
Does 30 divide 2055390?
True
Is 652710 a multiple of 73?
False
Is 1025760 a multiple of 30?
True
Does 9 divide 173645?
False
Is 266 a factor of 3999842?
True
Does 11 divide 687100?
False
Is 1814062 a multiple of 187?
False
Does 14 divide 297080?
True
Is 74564 a multiple of 57?
False
Is 702360 a multiple of 610?
False
Is 925253 a multiple of 49?
False
Does 17 divide 237184?
True
Is 79 a factor of 497816?
False
Does 641 divide 2653093?
False
Is 280770 a multiple of 105?
True
Does 1085 divide 40249160?
True
Does 181 divide 954574?
False
Does 47 divide 148223?
False
Is 474875 a multiple of 25?
True
Does 93 divide 55428?
True
Is 151867 a multiple of 19?
True
Is 6227411 a multiple of 125?
False
Is 15 a factor of 118275?
True
Is 35 a factor of 592970?
True
Is 20968079 a multiple of 61?
True
Is 426 a factor of 970822?
False
Is 19 a factor of 608000?
True
Is 353068 a multiple of 244?
True
Does 120 divide 4585800?
True
Is 22 a factor of 329?
False
Does 54 divide 617202?
False
Is 18300 a multiple of 25?
True
Is 674 a factor of 257958?
False
Is 143 a factor of 439774?
False
Does 184 divide 2040928?
True
Does 53 divide 729386?
True
Is 202 a factor of 380164?
True
Is 303584 a multiple of 81?
False
Is 60991 a multiple of 8?
False
Is 92433 a multiple of 33?
True
Is 10 a factor of 2432442?
False
Is 93263 a multiple of 53?
False
Is 62 a factor of 353780?
False
Does 2 divide 35074?
True
Is 1244116 a multiple of 23?
True
Does 167 divide 103707?
True
Is 335209 a multiple of 489?
False
Is 160421 a multiple of 5?
False
Is 243 a factor of 3951416?
False
Does 10 divide 872940?
True
Is 588 a factor of 7890125?
False
Does 69 divide 35535?
True
Is 4 a factor of 110526?
False
Does 187 divide 6437991?
False
Does 251 divide 181975?
True
Is 597 a factor of 1500261?
True
Is 124 a factor of 278504?
True
Is 119 a factor of 94356?
False
Does 23 divide 6461342?
False
Does 3065 divide 9020295?
True
Does 16 divide 290330?
False
Does 16 divide 29601613?
False
Is 16117563 a multiple of 121?
True
Is 386419 a multiple of 16?
False
Is 4779028 a multiple of 21?
False
Does 28 divide 747162?
False
Is 19728229 a multiple of 1779?
False
Is 15144 a multiple of 4?
True
Is 22 a factor of 175714?
True
Is 60 a factor of 3651780?
True
Is 169 a factor of 61327?
False
Is 21 a factor of 701253?
True
Does 18 divide 167459?
False
Does 19 divide 114912?
True
Is 1379832 a multiple of 6?
True
Does 152 divide 161576?
True
Does 207 divide 2697065?
False
Is 958189 a multiple of 29?
True
Is 150779 a multiple of 285?
False
Is 41 a factor of 20295?
True
Does 17 divide 204748?
True
Is 222049 a multiple of 85?
False
Is 497 a factor of 1641094?
True
Does 8 divide 471131?
False
Is 14 a factor of 221481?
False
Is 13771612 a multiple of 178?
False
Does 18 divide 1521630?
True
Is 385165 a multiple of 104?
False
Is 46280 a multiple of 10?
True
Is 6260009 a multiple of 196?
False
Is 258 a factor of 52114?
False
Does 98 divide 371224?
True
Is 84 a factor of 1906746?
False
Does 36 divide 1621116?
True
Is 301255 a multiple of 121?
False
Is 627 a factor of 274626?
True
Is 1386194 a multiple of 266?
False
Does 134 divide 2368718?
True
Is 60939 a multiple of 11?
False
Is 71 a factor of 391867?
False
Does 621 divide 546511?
False
Does 20 divide 291920?
True
Is 156696 a multiple of 12?
True
Is 45661 a multiple of 77?
True
Is 35 a factor of 2948242?
False
Is 55 a factor of 50710?
True
Is 9 a factor of 748804?
False
Does 2 divide 71119?
False
Is 7182573 a multiple of 1607?
False
Is 15834966 a multiple of 362?
True
Does 34 divide 1108400?
True
Is 5 a factor of 2595?
True
Does 159 divide 21580401?
False
Does 108 divide 356292?
True
Is 158 a factor of 1044889?
False
Is 845121 a multiple of 33?
False
Is 142008 a multiple of 388?
True
Does 6 divide 41496?
True
Is 15 a factor of 15828030?
True
Is 17 a factor of 1466712?
False
Does 296 divide 970937?
False
Is 1674625 a multiple of 8?
False
Is 6 a factor of 238737?
False
Is 669 a factor of 4303008?
True
Is 3230757 a multiple of 1018?
False
Does 124 divide 4406903?
False
Does 168 divide 3100725?
False
Does 140 divide 9588113?
False
Is 538056 a multiple of 3?
True
Is 390468 a multiple of 39?
True
Does 16 divide 309328?
True
Is 11746657 a multiple of 136?
False
Is 67 a factor of 184236?
False
Does 592 divide 105376?
True
Does 18 divide 4837554?
True
Is 59658 a multiple of 4?
False
Is 22 a factor of 10974?
False
Does 148 divide 1358036?
False
Is 30121 a multiple of 66?
False
Is 169 a factor of 4549691?
False
Does 128 divide 87573?
False
Is 2078 even?
True
Is 5376 even?
True
Does 53 divide 4223112?
False
Does 7 divide 4545260?
False
Is 28564644 a multiple of 12?
True
Does 26 divide 47329?
False
Is 38179 a multiple of 85?
False
Does 64 divide 274299?
False
Does 443 divide 1128764?
True
Does 3 divide 3915?
True
Is 2109362 a multiple of 97?
True
Does 20 divide 3056380?
True
Is 17 a factor of 13687610?
False
Is 80 a factor of 6853?
False
Is 203557 a multiple of 71?
True
Is 300804 a multiple of 128?
False
Is 16763 a multiple of 17?
False
Is 72 a factor of 1444320?
True
Does 178 divide 100234?
False
Is 68 a factor of 2335985?
False
Is 10 a factor of 3915329?
False
Is 13402886 a multiple of 134?
False
Is 176 a factor of 433749?
False
Is 433956 a multiple of 43?
True
Does 200 divide 753752?
False
Is 320 a factor of 4163943?
False
Is 741040 a multiple of 236?
True
Is 139390 a multiple of 53?
True
Is 104 a factor of 6851943?
False
Does 35 divide 19982?
False
Is 526 a factor of 126766?
True
Is 94666 a multiple of 11?
True
Is 12 a factor of 5096712?
True
Is 2952990 a multiple of 21?
False
Is 285 a factor of 201164?
False
Does 6 divide 234458?
False
Is 364 a factor of 311706?
False
Is 62 a factor of 3416076?
True
Is 117500 a multiple of 250?
True
Is 73674 even?
True
Is 5008850 a multiple of 85?
False
Is 434615 a multiple of 16?
False
Is 174127 a multiple of 31?
True
Does 163 divide 1309053?
True
Is 1781401 a multiple of 293?
False
Is 219450 a multiple of 6?
True
Does 8 divide 6321637?
False
Is 8017241 a multiple of 178?
False
Is 4 a factor of 683034?
False
Is 195386 a multiple of 172?
False
Does 7 divide 72107?
True
Does 40 divide 135616?
False
Is 86 a factor of 501552?
True
Is 47 a factor of 55571?
False
Is 1112071 a multiple of 409?
True
Is 30 a factor of 120090?
True
Is 192108 a multiple of 42?
True
Is 97 a factor of 64312?
False
Does 574 divide 4050144?
True
Does 266 divide 140448?
True
Does 3 divide 186849?
True
Does 35 divide 304325?
True
Does 304 divide 5180160?
True
Does 2336 divide 11373984?
True
Does 3 divide 1122889?
False
Does 185 divide 613127?
False
Does 30 divide 87690?
True
Does 12 divide 12379956?
True
Is 601 a factor of 3948244?
False
Is 165 a factor of 152836?
False
Is 583 a factor of 998096?
True
Is 4541680 a multiple of 26?
True
Does 41 divide 1633727?
True
Is 25822487 a multiple of 71?
True
Is 149940 a multiple of 30?
True
Does 13 divide 2386573?
Fa